= -3*o + 2*o. Suppose 2*m = o*m - 55. Is m prime?
False
Suppose -3*j - 3*r - 33 = 0, 28 = -2*j - r + 2*r. Let b = j + 162. Is b a prime number?
True
Suppose 6*j = 4*j - 104. Let d = j + 232. Suppose -4*i + k = 2*k - 723, k = -i + d. Is i composite?
False
Let s be 0 + (0 + -2)*5. Let g = 73 - 79. Is g/4 + (-1925)/s prime?
True
Let o = -31 + 637. Suppose y + o = 3*y. Is y a composite number?
True
Let u(r) = -r**3 - r**2 + 3*r - 2. Let v be u(2). Let y = 3 - v. Is y composite?
False
Let v = 8 - 3. Suppose 36 = 2*p - 0*x + 2*x, 0 = -v*p - 2*x + 90. Let n = -3 + p. Is n a prime number?
False
Is (23/(-3))/(15/(-315)) composite?
True
Let d(w) = -w**2 - 11*w - 9. Suppose 0 = 2*f + f. Suppose 4*g + 21 = -4*t - 11, f = -3*t - 3. Is d(g) a composite number?
False
Let l(u) = 1 - 4*u - u**2 - 1 + 3 + 2*u. Let c be l(-3). Let s(z) = -z + 14. Is s(c) a composite number?
True
Let l(c) = -c**2 - c + 331. Is l(0) composite?
False
Let l(u) = -2*u - 4. Let p be l(-4). Suppose p*g = 2*g. Suppose 5*f = -g*f + 165. Is f a prime number?
False
Let y(z) = z**3 + 7 + 72 - z**3 - z**3. Is y(0) a composite number?
False
Let l be (-6)/1*153/(-18). Suppose 0 = 4*q - l - 17. Is 4/(-10) + q/5 a composite number?
False
Let z(r) = r**2 - 10*r + 12. Let c be z(8). Let x be (-154 - (c + 3)) + -3. Let p = 587 + x. Is p a composite number?
False
Let n be 12/9*9/6. Let f be (3/n - -1)*4. Suppose -2*k - f = -32. Is k a composite number?
False
Let v = -169 - -722. Is v a composite number?
True
Is (-4)/(-38) - (-102010)/190 composite?
True
Is 56/364 + (-6095)/(-13) composite?
True
Suppose 2*v + x = 4*v - 5, 5*v - 5 = 5*x. Suppose -5*q + v*l = -118 + 11, -l - 3 = 0. Is q a composite number?
False
Let s be (-1)/(-2)*(-8)/(-4). Is -1 + s - (-2 - 29) a prime number?
True
Let k be -2*4/((-16)/4). Is (-15 + k/1)*-23 a composite number?
True
Let j(k) = k**2 + 2*k - 7. Let v be j(-5). Is v/56 - (-888)/7 composite?
False
Suppose q - c = 53 + 23, q = -5*c + 94. Is q a composite number?
False
Suppose d + 0*d = -5*t + 24, -4 = 4*d - 5*t. Suppose d*n - 650 = -54. Is n composite?
False
Suppose -p + 12 = 3*p. Suppose 5*c - d - 674 - 1132 = 0, -3*c - p*d = -1098. Suppose 0 = -4*l + c - 102. Is l a prime number?
False
Let i(t) = t**2 - 6*t - 10. Suppose -4*a = -47 + 3. Let p = a - 3. Is i(p) a composite number?
True
Let h = 454 + 190. Suppose -w + h = 3*w. Is w composite?
True
Let m be -1 + -1*3*15. Suppose -2*z + 80 = u - z, 3*u = z + 228. Let f = m + u. Is f prime?
True
Let h(j) be the second derivative of j**4/6 + 5*j**3/6 + j**2 + 3*j. Is h(-4) prime?
False
Let x(a) = 5*a**2 + a + 1. Let r be x(-1). Suppose -r*t + t + 20 = 0. Suppose -504 = -t*s - 59. Is s prime?
True
Let d(x) = -x**3 - x**2 - 4*x + 7. Let b be (3/(-6))/((-2)/36). Suppose 4*h - b + 41 = -4*i, h + 3*i = -12. Is d(h) a composite number?
False
Suppose 21 = 4*s - 3. Suppose 0 - s = -3*u. Is -97*(u + (-1 - 2)) composite?
False
Let n(z) = -9*z + 10. Let r = -26 - -21. Is n(r) a composite number?
True
Suppose h - 72 = -g + 3*g, 0 = -4*h. Let l = g - -51. Is l a prime number?
False
Let r(f) = -f**3 - 9*f**2 - f + 5. Is r(-12) a composite number?
False
Suppose 4*x + 271 = 3*s - 758, -5*x = 2*s - 663. Is s a prime number?
False
Let l = 598 - 291. Is l prime?
True
Let v = -10 - -14. Is 678/v + 4/(-8) a composite number?
True
Suppose -4*d - 43 = -h + 18, 5*d = -10. Is h composite?
False
Suppose -3027 = -5*x + 1688. Is x composite?
True
Let l = 5 + -2. Suppose 0*a + 2*k - 8 = a, -l*k + 5 = -5*a. Is 67/2 + 1/a prime?
False
Suppose -5360 = -4*j - 580. Is j prime?
False
Let k(d) = -4*d**3 + 9*d**2 + 10*d - 2. Is k(-5) prime?
True
Let f be 10 - 3*2/6. Suppose 7*u + 2 = f*u. Is (25/2)/(u/2) composite?
True
Let u = 7 - 4. Suppose 252 = u*v - 33. Is v prime?
False
Let f be (3/(6/(-4)))/2. Let n = 15 + f. Suppose 5 = -w + n. Is w composite?
True
Suppose 0*d - 3 = -5*d - m, 5*m - 15 = -3*d. Let p be (d*(-1)/2)/(-2). Suppose -3*a - 102 = -3*v, p*v + 2*v + 3*a = 73. Is v a composite number?
True
Let o(c) be the third derivative of c**4/24 + c**3/6 - 2*c**2. Let n be o(-3). Is (-2)/4 - 51/n a prime number?
False
Suppose -2*s + 2 + 0 = 0. Let n be 1011/(-2)*(s - 3). Is n/9 + 4/6 composite?
False
Is (24/(-16))/(9743/(-4870) + 2) a prime number?
False
Let m(b) = 2*b**3 - 7*b**2 - b + 7. Is m(6) composite?
False
Suppose -8928 = -0*j - 4*j. Suppose u + 5*k = 717, 0 = -5*u - 5*k + j + 1393. Is u a composite number?
False
Let l(v) = -v**2 - 4*v + 3. Let z(r) = r. Let k be z(-4). Let c be l(k). Suppose -c*s - 12 = -5*s. Is s a composite number?
True
Is (21946/(-5))/(((-16)/(-40))/(-1)) prime?
True
Suppose 0 = -3*m + 2*m + 9. Suppose -v + m = 5*x - 2, 3*v = -3*x - 3. Suppose 0 = -2*b - x*a + 41, -2*b - a + 3 = -28. Is b a composite number?
False
Let u be (-1 - (0 - 1))/1. Let h be (4 - 2) + (-5 - u). Is (-1)/(h/6) - -47 composite?
True
Suppose -2*w + 134 + 49 = -3*a, 3*a = -3. Let p be (-3*1)/(24/(-40)). Suppose p*i - w = -15. Is i a composite number?
True
Suppose -3*j - 7*m = -3*m, 0 = -2*m - 6. Suppose q + j*s = 39, -q = -3*s - 48 - 12. Is q a composite number?
True
Suppose -3*r - 5*i + 21 = 0, -3*r = -i + 1 - 4. Is 0 + -2 - (r - 14) a prime number?
False
Let u(q) = -q**3 - 16*q**2 - 6*q - 49. Is u(-24) prime?
True
Let y be 6*(-3 + 142/6). Is 0 + 3 - y/(-1) prime?
True
Let v(s) = s**3 - 14*s**2 - 16*s + 25. Let u be v(15). Let h(d) = 3*d**2 + 6*d - 6. Let q be h(-5). Let i = u + q. Is i a composite number?
True
Is (-2)/(-8) + (-7026)/(-24) composite?
False
Let r(z) = z + 1. Let y(f) = -f**3 - 10*f**2 + 21*f - 8. Let i(m) = 6*r(m) - y(m). Is i(-11) prime?
False
Let b(i) be the third derivative of i**4/24 + 2*i**2. Let n(q) = q**2 - 2*q + 5. Let l(g) = 6*b(g) - n(g). Is l(6) composite?
False
Suppose -2*g - 9 = -5*g + h, -5*g = 2*h - 26. Suppose -3*n + 13 = 2*n - 2*b, 2*b + g = -4*n. Is (4/12)/(n/381) prime?
True
Let z(y) = 118*y - 9. Is z(5) prime?
False
Suppose 0 = -3*s, -4*s + 260 + 119 = f. Is f composite?
False
Let f = -43 + 69. Let c = -17 + f. Is c a prime number?
False
Let i(k) = 8*k + 109. Let o(a) = 15*a + 217. Let y(n) = -11*i(n) + 6*o(n). Is y(0) composite?
False
Let i(z) = -2*z**2 + 3*z - 1. Let y(w) = -w - 1. Let r(b) = -i(b) + 6*y(b). Is r(-6) composite?
True
Let n(t) = t**3 + 15*t**2 + 14*t + 7. Let h be n(-14). Let u be (1 + -1*2)*0. Suppose -h + u = -v. Is v a composite number?
False
Suppose 502 - 2455 = -3*r. Suppose 0*u = -3*u + r. Is u a prime number?
False
Let w be (-3)/15 + (-1878)/10. Is 6/2 - w/2 a prime number?
True
Let i(k) = -k**2 + 2*k + 2. Let m be i(5). Let r = m + 18. Suppose 3*q = r*w - 4*w - 34, -5 = q. Is w a composite number?
False
Suppose -2045 = -2*x + x. Is x prime?
False
Let j be 3 + (1 - 0 - 0). Let t(k) be the first derivative of 5*k**3/3 + k**2/2 + 5*k + 1. Is t(j) prime?
True
Suppose -4*z + 543 = -3*q, z - 2*q + 4*q - 122 = 0. Let l = z + -77. Is l composite?
True
Let p(f) = 11*f**3 + 5*f**2 - 4*f - 1. Is p(3) prime?
False
Let w(m) = 23*m + 8. Is w(15) composite?
False
Suppose -5*c + 5074 = -2491. Is c prime?
False
Let g = 171 + -82. Let t = 195 - g. Let u = -68 + t. Is u prime?
False
Let r(i) = 3*i**2 + 4*i - 4. Suppose -35 = 5*h - 2*a, h + 5 = -5*a - 2. Is r(h) a prime number?
False
Suppose 4*u = -334 + 1178. Suppose 2*a = 3*a - u. Is a a prime number?
True
Let c = 2 + 0. Suppose -4*a + 122 = c*q + 3*q, 2*q - 2*a = 38. Suppose -73 - q = -5*j. Is j a prime number?
True
Let z(l) = -5*l - 9. Let m be z(-6). Suppose 5*p + 4*r - m = 5*r, -2*p + 22 = 3*r. Suppose -n + p*a = 0, 4*n + 2*a + a - 46 = 0. Is n prime?
False
Suppose -2 = -g + 1. Let p(t) = -t**2. Let j(v) = v**3 - v + 1. Let k(w) = j(w) + 2*p(w). Is k(g) a prime number?
True
Suppose 3*x + 276 = 885. Is x prime?
False
Let g(o) = -o - 5. Let b be g(5). Let q be 1/(-5) - 252/b. Suppose -q = -2*x + w, 4*x - 45 = x - w. Is x a prime number?
False
Let h = 5 + -25. Let g = 17 - h. Is g a composite number?
False
Let x(d) = -d**2 + 11*d - 7. Let b be x(10). Suppose -s + 3302 = b*v, v - s + 0*s - 1094 = 0. Is v a composite number?
True
Let n = -174 + 428. Is n a prime number?
False
Suppose t + 1 = 3. Suppose t = r + 4*k, -2*k - 7 = -5*r + 3. Is r + (-165)/(-3) + -2 composite?
True
Suppose 0 = j - 5*j - 3*n - 579, 5*n = -2*j - 307. Suppose -2*g - 114 = 34. Let v = g - j. I